et g(q) = -338*q - 21. Let f(b) = -4*c(b) + 22*g(b). Is f(-2) composite?
True
Let u(s) be the third derivative of 17*s**5/30 - s**4/8 + 10*s**2. Let j be u(-4). Suppose 6*f - 5*f - j = 5*x, -2*x = 2*f - 1100. Is f prime?
False
Let t(q) = -q**2 + 6*q + 5. Let c be t(6). Suppose 0 = -c*j - 4*m - 2452, 0*j + 3*m - 498 = j. Let f = j + 718. Is f a composite number?
True
Let h = 56 - 58. Let i be 2/2*h*5/(-2). Suppose -t + 1139 = i*v - 902, 0 = -5*v + 3*t + 2057. Is v prime?
True
Let h(q) = 4*q**2 + 62. Let i be h(0). Let n = 62 - i. Suppose n = -2*t - b + 3299, b - 8431 = -4*t - 1830. Is t prime?
False
Suppose 4*r = -2*w + 6540, 0*r - 5*w = -4*r + 6568. Is (r - 14)/((-9)/(-33)) a prime number?
False
Suppose 0 = w - 2*r - 57447, w - 70*r - 57482 = -75*r. Is w composite?
False
Is (-4 + 4)/7 - (194755/(-5) + -2) prime?
True
Suppose -5*f + 0*x + 10314 = -2*x, -3*x = -4*f + 8247. Let b = -1253 + f. Suppose -4*o = m - b, -m - 2*o = -142 - 665. Is m a composite number?
True
Let r be (-2 - 2 - 3 - 0)*-2. Let q(d) = 1326*d - 107. Is q(r) a composite number?
False
Suppose 28*p + 29*p - 88118 = 55*p. Is p prime?
True
Let r(o) = -3356*o**3 - o**2 + o + 2. Let c be r(-1). Suppose -11*k + c = -39621. Is k a prime number?
True
Let d(y) = -y**3 + 5*y + 1. Suppose -5*u = -5*o - 5, 5*o = 3*u - 7*u + 22. Let n be o/5 + 119/(-35). Is d(n) composite?
False
Suppose 57267 + 87065 = 3*n + 5*b, n - 48110 = -b. Is n a prime number?
True
Let v(h) = h**3 + 13*h**2 - 13*h - 4. Suppose -4*p + 30 = p. Let k(i) = -i**3 - 13*i**2 + 13*i + 4. Let b(t) = p*k(t) + 5*v(t). Is b(-15) a composite number?
True
Let g = -16 - -31. Let i(b) = b**3 - 19*b**2 + 16*b. Let y(x) = -2*x**3 + 39*x**2 - 32*x. Let o(w) = 7*i(w) + 3*y(w). Is o(g) a prime number?
False
Let k = -23 - -40. Let o = -642 - -2272. Suppose -19*m + k*m = -o. Is m a prime number?
False
Let x(u) = -3333*u + 1538. Is x(-25) a composite number?
True
Is -1*((-4)/2)/((-30)/45) + 5710 a composite number?
True
Let l(k) = -14*k**2 - 44. Let u(o) = -13*o**2 + o - 43. Let y(f) = -4*l(f) + 3*u(f). Suppose 3*z = -5*b + 82, 0 = -b + 10*z - 11*z + 18. Is y(b) composite?
True
Suppose 2*y = -r + 4 + 9, r + 1 = 0. Suppose y*i + 12*i = 8569. Is i composite?
True
Let b = -15 - -21. Suppose u = -c - 25 + 34, 0 = 2*u - 4*c + 12. Suppose 0*p + u*p + 22 = 3*w, -3*p = -b. Is w prime?
False
Is (-5)/(-30)*(-13745580)/50*-35 a composite number?
True
Let c(a) = 2*a - 39. Let l be c(22). Suppose 11*s - 9*s = 5*x - 14669, 3*x - l*s - 8809 = 0. Is x prime?
False
Let o(w) be the second derivative of w**7/1260 - w**6/180 + w**5/24 + 3*w**4/2 - 14*w. Let z(m) be the third derivative of o(m). Is z(-4) prime?
True
Let g(k) = -2*k**3 + 18*k**2 + 91*k - 63. Is g(-34) prime?
True
Let n be ((-40334)/129)/(((-8)/(-30))/(-2)). Let p = n + 4700. Is p a prime number?
False
Let d(y) = -81*y + 36. Let t be d(-6). Suppose -9*p + 8*p - 1 = 0, -w + 5*p + t = 0. Is w prime?
False
Suppose 0 = 46*b - 54*b + 812008. Is b composite?
False
Let f = 107518 - -49219. Is f a prime number?
False
Suppose -10*z = 24199 + 69081. Let q = -5339 - z. Is q a composite number?
False
Suppose 169*r - 190*r = -6976599. Is r a composite number?
False
Suppose -52*h = -26*h - 1835434 + 524592. Is h composite?
False
Is ((-4)/(-8) + (-28)/(-8))*1216496/32 prime?
False
Let a(b) = b**3 + 19*b**2 + 14*b + 9. Let f be a(-17). Let l = f - -558. Is l a composite number?
False
Let c = -4680 - 17074. Is (32/(-96))/(1 - c/(-21753)) a prime number?
False
Let x be 0 + (-16)/2*(-7)/(-14). Let j(f) = 91*f**2 - 19*f - 10. Is j(x) prime?
False
Let k(f) = -1531*f**3 - 19*f**2 - 20*f - 7. Is k(-4) a composite number?
True
Let x(k) be the first derivative of 2*k**3/3 - 11*k**2/2 + 28*k - 123. Is x(-6) composite?
True
Let i(y) = 4*y**3 + 7*y**2 - 5*y - 2. Let s = 41 - 34. Suppose 3*v + 2*g - 19 + s = 0, 3*v + 5*g - 12 = 0. Is i(v) prime?
False
Suppose 6*u - 4779 = 4095. Let i = 2686 - u. Is i a composite number?
True
Let l(j) be the first derivative of 217*j**5/120 + 3*j**4/8 + 5*j**3/3 + 2. Let u(m) be the third derivative of l(m). Is u(4) composite?
False
Suppose 0 = -4*s - 5 + 13. Let m(c) = 14*c - 4 + s + 54*c**2 - 104*c**2 + 55*c**2. Is m(-11) composite?
False
Suppose -5*p + 3704 = -4*o, -2*o = -o - 3*p + 926. Let g = 2065 + o. Is g a composite number?
True
Let i = 292 + -271. Suppose 22*l - 843 = i*l. Is l composite?
True
Suppose -2*i + v = -425480, -v + 35569 = -i + 248306. Is i a composite number?
True
Suppose 2*v + v + 30 = -4*b, 5*b + 33 = -3*v. Let d(i) = -144*i + 79. Is d(v) composite?
True
Let x be 12/((-6)/2) + 4. Suppose x = -0*t + t + 1749. Let z = -1108 - t. Is z composite?
False
Let a be (2/(-2) - 0)*-2. Let w be 12/32 - ((-2793)/14)/((-20)/(-15)). Is 2*w + (a - (6 - 3)) a prime number?
False
Let y(p) = -5*p**3 - 8*p**2 + 17*p + 17. Let h(c) = 6*c**3 + 9*c**2 - 17*c - 17. Let n(i) = 2*h(i) + 3*y(i). Is n(-7) prime?
False
Let x = -55911 + 179672. Is x composite?
True
Let l = 2033537 - 1390688. Is l composite?
True
Let h(r) = 2*r**3 - 11*r**2 - 7*r - 11. Let x = 26 - 35. Let u be ((-108)/(-8))/x*-6. Is h(u) a composite number?
True
Is (30/(-90))/((-4)/(-6))*1*-74926 a prime number?
True
Suppose 4*k = -0*k + 2728. Suppose 2*w + 1562 = -4*o, -o - 200 = 4*w + 201. Let z = k + o. Is z prime?
True
Is -6 + ((-3)/(-5) - (5130852/(-30) + 16)) prime?
True
Let j = -516 + 1157. Suppose j*k - 635*k - 30522 = 0. Is k composite?
False
Suppose 0 = 5*g - 3*q + 2*q + 30, -4*g + q = 23. Let a(z) = -732*z - 209. Is a(g) a composite number?
True
Suppose 4*v + 1225995 = c, -52*v + 49*v = 3*c - 3678045. Is c a prime number?
True
Suppose -13 = -3*q - y, 0 = 2*y - 5*y - 15. Suppose 0 = 5*i - 8*i - q. Is i/(-5) + (-183)/(-5) a composite number?
False
Suppose -51 = -3*a - 2*t, 0 = 5*a - 2*t - 80 + 11. Suppose -19*v = -a*v - 25148. Is v prime?
True
Suppose 2*g + x - 7 = 0, -3*x - 1 + 4 = 0. Let n(j) = -12*j**3 - 3*j**2 - 4*j + 2. Let k(p) = -p**3 - p. Let t(f) = 5*k(f) - n(f). Is t(g) a composite number?
False
Suppose 0 = 2*y - 4*o - 10, -4*y + o - 2 = -22. Let x(r) = 20*r**2 - 4 + 2*r + r - 4 + 2. Is x(y) a composite number?
False
Suppose 42*u - 25466503 = 25981103. Is u a composite number?
False
Let m(a) = -217*a**2 - 2*a - 35. Let j(u) = -652*u**2 - 5*u - 104. Let x(h) = -4*j(h) + 11*m(h). Is x(8) composite?
False
Let b = 599377 - 348696. Is b a composite number?
False
Let t(q) = -934*q**3 - 24*q**2 - 167*q + 86. Is t(-9) a composite number?
False
Let t be (12/(-9))/(2/(-3)) + 28. Suppose t - 29 = -c. Is (-1 + -2)/(c/((-41)/(-1))) a prime number?
False
Let b(i) = 592*i + 116. Let x be b(-46). Let q = 5489 - x. Is q a composite number?
True
Let t(v) = 6*v + 3*v**2 - 19*v + 7*v - 13 - v**2. Let w be 0 + -1 + 7 + 3. Is t(w) composite?
True
Let q = -761887 + 1285518. Is q prime?
True
Suppose 4*d = z - 12, z - 4*z = 2*d - 8. Let a(s) = -4*s + 6. Let g be a(z). Let b(w) = 10*w**2 - 7*w - 31. Is b(g) composite?
False
Let q = 30 + 18. Let u be -23 - ((-8)/(-28) - q/(-28)). Is -2*((-6595)/u)/((-2)/5) a prime number?
True
Let w(k) = -k**2 + 8*k - 3. Let m be (-28)/(-12)*(0 + 3). Let h be w(m). Suppose 0 = h*b + 8, r + 35 - 477 = -2*b. Is r a composite number?
True
Let x = 246 - -184. Let h = x + 3907. Is h a prime number?
True
Let z(g) = -3*g**2 + 1 - 1266*g + 7*g**3 + 1266*g - 10. Suppose 0 = 5*h - 25, -3*x + 6 = -4*h + 14. Is z(x) a prime number?
False
Let r(c) = -1976*c - 3. Suppose -4*s - 15 = -i - 8*s, -5*s = -i - 21. Is r(i) a composite number?
False
Let i(g) = -3*g - 16. Let v be i(-6). Suppose -v = -w, -w + 5*w - 1373 = l. Let m = l - -2716. Is m a composite number?
True
Suppose 29*p = 36*p - 153587. Is p a prime number?
False
Suppose -2290*f + 2327*f = 3772409. Is f prime?
True
Suppose 20*h + 75 = 35*h. Suppose 105 = 5*v + 2*b, 3*v - h*b - 43 = -11. Is v a composite number?
False
Let v = 898 + 332. Suppose -4*m - 1845 = -3*u, 2*u - 6*m = -m + v. Let n = -257 + u. Is n prime?
False
Let t = -176 - -174. Let p(r) = -336*r + 31. Is p(t) prime?
False
Suppose -2530 + 10754 = 8*f. Suppose 3*z = 7*z - f. Is z a composite number?
False
Suppose 17*h = -0*h + 69887. Is h prime?
True
Suppose -34264 + 95170 = 2*g + 2*h, -g = 2*h - 30457. Is g a prime number?
True
Let k(r) = 19 - 2*r + 11 + 6*r + 10*r - 16 + 221*r**2. Is k(-6) prime?
F